{"id":75,"date":"2019-09-27T00:19:35","date_gmt":"2019-09-26T22:19:35","guid":{"rendered":"http:\/\/danses-occitanes-tournefeuille.fr\/?page_id=75"},"modified":"2019-10-24T21:26:13","modified_gmt":"2019-10-24T19:26:13","slug":"liens","status":"publish","type":"page","link":"https:\/\/danses-occitanes-tournefeuille.fr\/?page_id=75","title":{"rendered":"Liens"},"content":{"rendered":"\n<h3 class=\"wp-block-heading\">Occitanie<\/h3>\n\n\n\n<p><a href=\"https:\/\/www.comdt.org\/\">COMDT<\/a> Le Conservatoire de musique et danses traditionelles Incontournable<\/p>\n\n\n\n<p><a href=\"http:\/\/www.arpalhands.org \">Arpalhands<\/a> De tr\u00e8s nombreuses musiques, danses et des cours de musique et de danse trad en veux-tu en voil\u00e0.<\/p>\n\n\n\n<p><a href=\"http:\/\/www.menestrersgascons.com\/\">Menesters Gascons<\/a> Une r\u00e9f\u00e9rence: de nombreuses descriptions de danses et des partitions de musique<\/p>\n\n\n\n<p><a href=\"http:\/\/www.aimi.ovh\/cola\/base\/\">La C\u00f2la Tarnesa<\/a> Une mine pour les musiciens: 2000 titres avec musique et partition<\/p>\n\n\n\n<p><a href=\"http:\/\/puc.free.fr\/text&amp;mus_fichiers\/Text&amp;mus.htm\">Por un cop<\/a> Textes et musiques<\/p>\n\n\n\n<p><a href=\"http:\/\/aubequidanse.eklablog.com\/de-200-danses-folks-et-de-la-renaissance-liens-500-videos-et-descripti-a125898402\">Aubequidanse<\/a>: bien que situ\u00e9 dans l&rsquo;aube, ce site propose beaucoup de liens vers de nombreuses danses de nos r\u00e9gions.<\/p>\n\n\n\n<h3 class=\"wp-block-heading\">Isra\u00ebl<\/h3>\n\n\n\n<p><a href=\"https:\/\/dansesdisrael.fr\">Danses d&rsquo;Isra\u00ebl<\/a> Presque 700 danses avec pour chacune d&rsquo;entre elles la musique, les paroles des chansons traduites, les pas et des vid\u00e9os. Une base exceptionnelle !<\/p>\n","protected":false},"excerpt":{"rendered":"<p>Occitanie COMDT Le Conservatoire de musique et danses traditionelles Incontournable Arpalhands De tr\u00e8s nombreuses musiques, danses et des cours de musique et de danse trad en veux-tu en voil\u00e0. Menesters Gascons Une r\u00e9f\u00e9rence: de nombreuses descriptions de danses et des partitions de musique La C\u00f2la Tarnesa Une mine pour les musiciens: 2000 titres avec musique &hellip; <a href=\"https:\/\/danses-occitanes-tournefeuille.fr\/?page_id=75\" class=\"more-link\">Continuer la lecture<span class=\"screen-reader-text\"> de &laquo;&nbsp;Liens&nbsp;&raquo;<\/span><\/a><\/p>\n","protected":false},"author":1,"featured_media":0,"parent":0,"menu_order":0,"comment_status":"closed","ping_status":"closed","template":"","meta":{"footnotes":""},"class_list":["post-75","page","type-page","status-publish","hentry"],"_links":{"self":[{"href":"https:\/\/danses-occitanes-tournefeuille.fr\/index.php?rest_route=\/wp\/v2\/pages\/75","targetHints":{"allow":["GET"]}}],"collection":[{"href":"https:\/\/danses-occitanes-tournefeuille.fr\/index.php?rest_route=\/wp\/v2\/pages"}],"about":[{"href":"https:\/\/danses-occitanes-tournefeuille.fr\/index.php?rest_route=\/wp\/v2\/types\/page"}],"author":[{"embeddable":true,"href":"https:\/\/danses-occitanes-tournefeuille.fr\/index.php?rest_route=\/wp\/v2\/users\/1"}],"replies":[{"embeddable":true,"href":"https:\/\/danses-occitanes-tournefeuille.fr\/index.php?rest_route=%2Fwp%2Fv2%2Fcomments&post=75"}],"version-history":[{"count":4,"href":"https:\/\/danses-occitanes-tournefeuille.fr\/index.php?rest_route=\/wp\/v2\/pages\/75\/revisions"}],"predecessor-version":[{"id":543,"href":"https:\/\/danses-occitanes-tournefeuille.fr\/index.php?rest_route=\/wp\/v2\/pages\/75\/revisions\/543"}],"wp:attachment":[{"href":"https:\/\/danses-occitanes-tournefeuille.fr\/index.php?rest_route=%2Fwp%2Fv2%2Fmedia&parent=75"}],"curies":[{"name":"wp","href":"https:\/\/api.w.org\/{rel}","templated":true}]}}