{"id":1406,"date":"2022-10-14T15:32:02","date_gmt":"2022-10-14T13:32:02","guid":{"rendered":"http:\/\/danses-occitanes-tournefeuille.fr\/?page_id=1406"},"modified":"2022-10-14T15:43:26","modified_gmt":"2022-10-14T13:43:26","slug":"infos-pratiques","status":"publish","type":"page","link":"https:\/\/danses-occitanes-tournefeuille.fr\/?page_id=1406","title":{"rendered":"Infos pratiques"},"content":{"rendered":"\n<p><strong>D\u00e9roulement des ateliers :<\/strong><\/p>\n\n\n\n<p>Le mardi de 20:30 \u00e0 22:30 ou 23h<\/p>\n\n\n\n<p>Lieu  (sauf indication contraire) :<\/p>\n\n\n\n<p>Foyer des ain\u00e9s de Tournefeuille (\u00e0 droite et \u00e0 l&rsquo;arri\u00e8re de la mairie)<\/p>\n\n\n\n<iframe src=\"https:\/\/www.google.com\/maps\/embed?pb=!1m18!1m12!1m3!1d2468.6705247113964!2d1.3462634857940656!3d43.582573979000486!2m3!1f0!2f0!3f0!3m2!1i1024!2i768!4f13.1!3m3!1m2!1s0x12aeb0f2c3d8bacf%3A0x23c0869e1a29325b!2zRm95ZXIgZGVzIEHDrm7DqXM!5e1!3m2!1sfr!2sfr!4v1665753712704!5m2!1sfr!2sfr\" width=\"600\" height=\"450\" style=\"border:0;\" allowfullscreen=\"\" loading=\"lazy\" referrerpolicy=\"no-referrer-when-downgrade\"><\/iframe>\n\n\n\n<p>Venir en bus :<\/p>\n\n\n\n<p>Acc\u00e9s par bus Tiss\u00e9o ligne L3 (Ar\u00e8nes-Plaisance) arr\u00eat LES CH\u00caNES (300 m de marche \u00e0 pied)<\/p>\n\n\n\n<p>Retour: bus L3 vers AR\u00c8NES toutes les 1\/2 heures jusqu&rsquo;\u00e0 1:20<\/p>\n\n\n\n<p><strong>Bal du Vendredi :<\/strong><\/p>\n\n\n\n<p>Une fois par mois (voir la page Calendrier)<\/p>\n\n\n\n<p>Lieu  (sauf indication contraire) :<\/p>\n\n\n\n<p>Foyer des ain\u00e9s de Tournefeuille (\u00e0 droite et \u00e0 l&rsquo;arri\u00e8re de la mairie)<\/p>\n\n\n\n<p><\/p>\n\n\n\n<p><strong>Stages :<\/strong><\/p>\n\n\n\n<p>Lieu : annexe du Gymnase Jean Gay, rue de Provence<\/p>\n\n\n\n<iframe src=\"https:\/\/www.google.com\/maps\/embed?pb=!1m18!1m12!1m3!1d4937.106768092324!2d1.3351288723349437!3d43.58543059845687!2m3!1f0!2f0!3f0!3m2!1i1024!2i768!4f13.1!3m3!1m2!1s0x12aeb0f745821f9f%3A0xa0665c0473ebcf5c!2sGymnase%20Jean%20Gay!5e1!3m2!1sfr!2sfr!4v1665754265336!5m2!1sfr!2sfr\" width=\"600\" height=\"450\" style=\"border:0;\" allowfullscreen=\"\" loading=\"lazy\" referrerpolicy=\"no-referrer-when-downgrade\"><\/iframe>\n\n\n\n<p>Venir en bus :<\/p>\n\n\n\n<p>Acc\u00e9s par bus Tiss\u00e9o ligne L3 (Ar\u00e8nes-Plaisance) arr\u00eat MONTEL (300 m de marche \u00e0 pied)<\/p>\n\n\n\n<p>Retour: bus L3 vers AR\u00c8NES toutes les 1\/2 heures jusqu&rsquo;\u00e0 1:20<\/p>\n","protected":false},"excerpt":{"rendered":"<p>D\u00e9roulement des ateliers : Le mardi de 20:30 \u00e0 22:30 ou 23h Lieu (sauf indication contraire) : Foyer des ain\u00e9s de Tournefeuille (\u00e0 droite et \u00e0 l&rsquo;arri\u00e8re de la mairie) Venir en bus : Acc\u00e9s par bus Tiss\u00e9o ligne L3 (Ar\u00e8nes-Plaisance) arr\u00eat LES CH\u00caNES (300 m de marche \u00e0 pied) Retour: bus L3 vers AR\u00c8NES &hellip; <a href=\"https:\/\/danses-occitanes-tournefeuille.fr\/?page_id=1406\" class=\"more-link\">Continuer la lecture<span class=\"screen-reader-text\"> de &laquo;&nbsp;Infos pratiques&nbsp;&raquo;<\/span><\/a><\/p>\n","protected":false},"author":1,"featured_media":0,"parent":0,"menu_order":0,"comment_status":"closed","ping_status":"closed","template":"","meta":{"footnotes":""},"class_list":["post-1406","page","type-page","status-publish","hentry"],"_links":{"self":[{"href":"https:\/\/danses-occitanes-tournefeuille.fr\/index.php?rest_route=\/wp\/v2\/pages\/1406","targetHints":{"allow":["GET"]}}],"collection":[{"href":"https:\/\/danses-occitanes-tournefeuille.fr\/index.php?rest_route=\/wp\/v2\/pages"}],"about":[{"href":"https:\/\/danses-occitanes-tournefeuille.fr\/index.php?rest_route=\/wp\/v2\/types\/page"}],"author":[{"embeddable":true,"href":"https:\/\/danses-occitanes-tournefeuille.fr\/index.php?rest_route=\/wp\/v2\/users\/1"}],"replies":[{"embeddable":true,"href":"https:\/\/danses-occitanes-tournefeuille.fr\/index.php?rest_route=%2Fwp%2Fv2%2Fcomments&post=1406"}],"version-history":[{"count":8,"href":"https:\/\/danses-occitanes-tournefeuille.fr\/index.php?rest_route=\/wp\/v2\/pages\/1406\/revisions"}],"predecessor-version":[{"id":1415,"href":"https:\/\/danses-occitanes-tournefeuille.fr\/index.php?rest_route=\/wp\/v2\/pages\/1406\/revisions\/1415"}],"wp:attachment":[{"href":"https:\/\/danses-occitanes-tournefeuille.fr\/index.php?rest_route=%2Fwp%2Fv2%2Fmedia&parent=1406"}],"curies":[{"name":"wp","href":"https:\/\/api.w.org\/{rel}","templated":true}]}}